se 12) to base 4
-13331230201
Convert -1a5724a (base 11) to base 10.
-3464889
Convert -100111212 (base 3) to base 2.
-1101100010111
What is 52e3 (base 16) in base 15?
6449
Convert -100512421 (base 6) to base 16.
-1a403d
58489c (base 13) to base 2
111111111100001110110
-4214340132 (base 5) to base 10
-8746292
-261625 (base 7) to base 15
-e651
4bb67 (base 16) to base 13
ab204
What is -313276 (base 10) in base 13?
-ac792
Convert -2122122102001 (base 3) to base 16.
-158488
Convert -32752 (base 8) to base 9.
-20835
Convert -24128240 (base 9) to base 5.
-11003114103
Convert 220012001110 (base 3) to base 4.
1310032230
What is 111010010111111001 (base 2) in base 13?
84aa1
Convert -313301313 (base 4) to base 16.
-37c77
Convert 29607a3 (base 11) to base 10.
5081387
-67a01 (base 11) to base 8
-300106
-30104144 (base 5) to base 4
-322013201
-1522882 (base 11) to base 16
-27d29a
Convert 1343521433 (base 6) to base 16.
fa853d
What is 401413043 (base 5) in base 6?
54040424
What is -12003043 (base 7) in base 6?
-34414541
Convert 11212210202120 (base 3) to base 16.
279621
Convert -11a760 (base 11) to base 2.
-101110010111011011
Convert -272362a (base 12) to base 5.
-3441330341
What is -5bb61 (base 13) in base 14?
-457b0
What is -b308 (base 15) in base 4?
-21032300
What is 2299572 (base 11) in base 4?
33102322320
Convert 10101011111011100100 (base 2) to base 14.
144900
-37b59 (base 15) to base 12
-87063
What is -3548425 (base 9) in base 16?
-1d53c7
Convert 535185 (base 9) to base 11.
1a8516
Convert 1420223402 (base 5) to base 4.
32002121230
What is -1305416 (base 7) in base 10?
-169994
640888 (base 9) to base 15
77e7b
Convert -16380307 (base 9) to base 11.
-46a19aa
What is 200221021210 (base 3) in base 8?
1327771
Convert -3121648 (base 9) to base 5.
-411332003
3625223 (base 8) to base 15
149779
What is -1252422 (base 6) in base 15?
-157d8
Convert -3a3330 (base 15) to base 13.
-76b39c
Convert -209994 (base 10) to base 14.
-56758
What is 25654561 (base 8) in base 13?
12557c5
Convert 13045521 (base 6) to base 10.
426361
Convert -17703 (base 15) to base 8.
-224064
What is 322700 (base 8) in base 10?
107968
What is -37edc (base 15) in base 5?
-21210412
5451011 (base 6) to base 11
175743
What is 221322323 (base 4) in base 7?
1313414
What is -2504135 (base 6) in base 13?
-48788
4501615 (base 7) to base 3
1001012200221
Convert -20214412 (base 5) to base 7.
-1251232
Convert -1200210021000 (base 3) to base 11.
-566123
Convert -3d4f1 (base 16) to base 8.
-752361
Convert -1a7904 (base 13) to base 5.
-133030212
21312134 (base 5) to base 4
230132121
What is -6865 (base 15) in base 16?
-5681
What is -7b7ed0 (base 15) in base 7?
-101100423
Convert -1101010110001111111 (base 2) to base 15.
-898d5
Convert -255b74 (base 14) to base 3.
-2102012220200
What is -121212201 (base 3) in base 11?
-9276
Convert 3ed7d4 (base 15) to base 4.
23210113030
What is 6324667 (base 8) in base 12?
69135b
Convert -5162402 (base 8) to base 5.
-322304341
What is 13121020010 (base 4) in base 7?
22320632
161590 (base 12) to base 14
9ad52
What is 12442 (base 5) in base 15?
467
Convert 638213 (base 10) to base 16.
9bd05
Convert -a9b986 (base 13) to base 9.
-7460152
Convert -b2a3 (base 12) to base 10.
-19419
Convert -11220201100110 (base 3) to base 15.
-36900c
1707918 (base 10) to base 7
20342232
Convert -284070 (base 9) to base 3.
-22211002100
What is 103341102 (base 5) in base 10?
449527
32145042 (base 8) to base 15
909c2a
Convert 32034440 (base 5) to base 8.
1013530
-12202111 (base 5) to base 6
-2252334
Convert 1564aa (base 12) to base 4.
1120301002
What is 1018655 (base 10) in base 2?
11111000101100011111
What is -31c90 (base 15) in base 2?
-100110100110000101
Convert -1321103211 (base 4) to base 13.
-145209
What is -1360959 (base 10) in base 16?
-14c43f
What is 53621114 (base 7) in base 4?
101131113011
Convert -111630 (base 8) to base 16.
-9398
3b8a11 (base 13) to base 7
15205423
-aa922c (base 13) to base 2
-1111010101001000000001
57b091 (base 14) to base 12
1001447
-525832 (base 9) to base 13
-ac430
What is 2157284 (base 9) in base 10?
1160077
What is 111001222211021 (base 3) in base 8?
32402203
Convert -11011000110011101001 (base 2) to base 5.
-211404131
What is 21311400 (base 5) in base 2?
101100011101010100
What is c911 (base 16) in base 14?
14a89
What is -11312 (base 15) in base 8?
-152644
Convert 11000001111101110111 (base 2) to base 9.
1440743
Convert 100243243 (base 7) to base 15.
79b387
What is -1164998 (base 14) in base 7?
-130432351
What is 327047 (base 8) in base 9?
177044
-1614506 (base 7) to base 9
-368208
Convert 162536b (base 12) to base 6.
241030215
Convert -1003513330 (base 6) to base 8.
-47104266
-44030033 (base 5) to base 13
-10271a
What is 332072 (base 10) in base 11?
207544
What is -6376 (base 10) in base 14?
-2476
11ba6 (base 15) to base 3
2212200110
Convert 106777 (base 9) to base 2.
1111101000111100
-11000111000011011 (base 2) to base 7
-603062
1010110012020 (base 3) to base 15
bc8d9
17103605 (base 8) to base 4
33020132011
1412347 (base 8) to base 16
614e7
Convert 10442435 (base 6) to base 10.
316823
What is -d235e (base 15) in base 8?
-2424047
-129742 (base 10) to base 11
-89528
-1000101110000001100 (base 2) to base 10
-285708
What is -5901311 (base 10) in base 12?
-1b8713b
What is -14ac (base 16) in base 13?
-2541
What is -847b1 (base 12) in base 4?
-222131311
-13416277 (base 8) to base 14
-589463
730463 (base 8) to base 7
2025312
What is 201375 (base 12) in base 14?
d0281
1604036 (base 7) to base 6
4414002
-933a07 (base 16) to base 10
-9648647
What is 704114 (base 8) in base 4?
320201030
What is -4e8a3 (base 16) in base 3?
-121100021210
-11110101101011100 (base 2) to base 6
-2410204
Convert -21411032 (base 5) to base 6.
-3545050
What is -3426701 (base 10) in base 12?
-1193065
-413156 (base 11) to base 6
-22113312
-5945f (base 16) to base 15
-73528
Convert -130588 (base 11) to base 15.
-40e1a
Convert 1526456 (base 7) to base 15.
41cdb
-2c54c5 (base 15) to base 4
-20023133102
What is -80187 (base 11) in base 12?
-57aa8
Convert -261735 (base 8) to base 14.
-252b3
-101352332 (base 6) to base 16
-1acde0
-559811 (base 10) to base 7
-4521050
301031 (base 5) to base 8
22454
What is -153e4 (base 16) in base 10?
-87012
7243 (base 10) to base 5
212433
What is -165741 (base 12) in base 4?
-1131133201
Convert -5637301 (base 8) to base 16.
-173ec1
What is -11199 (base 13) in base 5?
-1443203
What is 220410 (base 5) in base 8?
16665
-35552 (base 10) to base 16
-8ae0
What is -2020d (base 16) in base 9?
-220458
-47aa (base 15) to base 5
-441420
Convert -1aa389 (base 16) to base 6.
-101230225
321141514 (base 6) to base 2
10101100101100001110110
What is -4465550 (base 7) in base 3?
-1001011020212
Convert -4aa8325 (base 11) to base 5.
-4231313302
110011011222220 (base 3) to base 16
629112
What is -5038915 (base 11) in base 7?
-135522553
Convert -12344430 (base 5) to base 9.
-205145
Convert 949a2 (base 13) to base 6.
5422214
Convert 142d009 (base 14) to base 2.
100101010110111101000001
What is -165264 (base 14) in base 4?
-2333002320
Convert 2211112210 (base 3) to base 4.
31213323
-10d020 (base 14) to base 16
-8c054
-1a5a61 (base 11) to base 16
-4d001
What is 471745 (base 11) in base 5?
142431133
-d5c5 (base 14) to base 4
-20333121
What is 10010330220 (base 4) in base 11?
670043
What is -7170a32 (base 11) in base 4?
-300110031232
Convert -12323103 (base 5) to base 2.
-11101011001010011
Convert 1122102 (base 7) to base 6.
3000043
1220102000121 (base 3) to base 12
4096a4
12201012110020 (base 3) to base 16
2e5015
Convert 104103111 (base 6) to base 14.
36b2b9
What is -221313411 (base 5) in base 13?
-2797a7
Convert -111010020 (base 3) to base 8.
-22534
Convert 2016406 (base 7) to base 14.
6363d
What is -1101110110001011 (base 2) in base 8?
-156613
Convert 3265386 (base 9) to base 16.
1aca69
Convert -1303150 (base 6) to base 13.
-26244
-1020112001200 (base 3) to base 12
-2799a6
What is -4a21ba (base 12) in base 15?
-18c6da
What is -301523244 (base 6) in base 9?
-10574821
Convert -6369c (base 16) to base 12.
-177790
162152 (base 8) to base 9
88181
What is -d73d5 (base 15) in base 16?
-a6a81
ad29b1 (base 14) to base 2
10110011100110001111111
-7083657 (base 10) to base 12
-2457409
What is -f8368 (ba